a = 2*z - 2*v - 16, 5*z + 4*v = 76. Calculate the remainder when 35 is divided by z.
11
Let d(v) = v - 82. Let s be d(0). Calculate the remainder when s/(-6) + (-18)/27 is divided by 4.
1
Suppose 0 = -o + 4 + 39. Suppose 2*f + 0*f = 6, 4*b - o = -f. Let d(q) = q**2 + 2*q - 7. Calculate the remainder when d(5) is divided by b.
8
Suppose -3 = -5*t + 2. Let r(y) = 58*y**3 + 3*y**2 - 2*y**2 + y**2 - 1. Calculate the remainder when r(t) is divided by 20.
19
Suppose 8 = 5*r - 0*r - 2*n, -10 = -4*r - 2*n. Suppose -61 = -5*i - q + 3*q, -r*i = q - 28. Suppose 6 = o + 1. Calculate the remainder when i is divided by o.
3
Let k(o) = o**3 + 15*o**2 - 19*o + 1. Let v be (-2 + 2/(-3))*6. What is the remainder when k(v) is divided by 10?
9
Let l be (-1)/2*(-25 - -3). Suppose -3*i + 16 = -l. Suppose 12*w - i*w = 51. What is the remainder when w is divided by 6?
5
Let o be 1 - -2 - (-3)/3. Suppose -3*z + 20 = -o. What is the remainder when 15 is divided by z?
7
Let t = 177 - 132. Calculate the remainder when t is divided by 10.
5
Suppose 8*u + 25 = 13*u. What is the remainder when u is divided by 2?
1
Let z(k) be the first derivative of k**3 + 2*k**2 - 3*k + 6. Suppose 0*h + 3*u - 11 = -h, 0 = 5*h - 5*u + 5. What is the remainder when z(h) is divided by 6?
5
Suppose -w + 23 = -0*w. Suppose -3*y + 1 + 17 = 0. Let g = 18 - y. What is the remainder when w is divided by g?
11
Let j = 5 - 3. Suppose g - j*f = 8, -19 + 0 = -2*g + 5*f. What is the remainder when ((-2)/g - -2) + 23 is divided by 13?
11
Let z = -7 - -11. Suppose 0 = -z*q - 16, -3*n - 2*q + 57 = 2*n. Calculate the remainder when 37 is divided by n.
11
Suppose 5*t + 3 = 2*t, 2*l - t - 23 = 0. Suppose 176 = 4*w - 5*h, -3*h + 11 = -3*w + 146. Let g = -28 + w. What is the remainder when g is divided by l?
10
Suppose -5 = 5*v, 2*d + 5*v = 3*d - 35. What is the remainder when d is divided by 13?
4
Let g(x) = -4*x + 7. Let t(u) = u. Let o be ((-3)/6)/((-1)/2). Let b(f) = o*g(f) + 5*t(f). Calculate the remainder when 7 is divided by b(-4).
1
Let u = -11 - -7. What is the remainder when 49 is divided by (-64)/(-4) + 1 + u?
10
Let r = 131 + -106. What is the remainder when 87 is divided by r?
12
Suppose 4*r = t + r + 32, -2*r + 96 = -3*t. Suppose -10 = -2*w + 4*l, 2*w + 4*l = 3*l + 15. What is the remainder when (t/20)/((-2)/25) is divided by w?
6
Suppose -4*g - 6 + 18 = 0. Let i be (-33)/27 - (-2)/9. What is the remainder when (1/2)/(i/(-14)) is divided by g?
1
Let b(n) = n + 10. Let r be b(-6). Suppose 6 = r*l - 2. Calculate the remainder when (-194)/(-5) - l/(-10) is divided by 10.
9
Let j(p) = p + 2. Let i be j(-2). Suppose -c + t + 11 = 2*t, i = c + 5*t - 23. Suppose -4*n - 28 + 148 = 0. What is the remainder when n is divided by c?
6
Let w(q) = -q**2 + 16*q + 2. Calculate the remainder when w(7) is divided by (88/20)/((-4)/(-20)).
21
Suppose -2*i = -3*i. Suppose i*r + 28 = 4*r. Let a = 11 + -7. What is the remainder when r is divided by a?
3
Suppose 11*z - 3*z = 184. What is the remainder when 91 is divided by z?
22
Let x = -6 + 10. Let u = 2 - x. What is the remainder when u/4*(-4 - 18) is divided by 4?
3
Let n = -34 + 46. What is the remainder when 107 is divided by n?
11
Suppose -3*h + 3*u + 36 = 0, 4*h - 3*u - 22 - 21 = 0. Suppose 0 = 5*r - 109 + 19. What is the remainder when r is divided by h?
4
Let r be 2/4*2 + 17. Suppose -3*s = -4*f - 27, -5*f - r = -4*s + 18. Calculate the remainder when s is divided by 4.
1
Let y(d) = 1 - 3*d**2 - 3*d**2 + 5*d**3 + 3*d**2. What is the remainder when y(2) is divided by 10?
9
Suppose -7*r - 2*f = -2*r - 57, -5*f = -3*r + 59. Let k = -11 + 15. What is the remainder when r is divided by k?
1
Suppose -3*m + 254 = u + 88, -5*u = -20. What is the remainder when m is divided by 19?
16
Suppose -g + 4*r + 13 = 0, -r + 8 = g - 0*r. Let p(z) = 2*z**2 + 7*z + 10. Let y be p(-6). Calculate the remainder when (-4)/2*y/(-5) is divided by g.
7
Calculate the remainder when ((-62)/4)/((-34)/8 - -4) is divided by 21.
20
Suppose -z - m - 135 = 2*z, 4*z + 173 = m. What is the remainder when 8/z - (-840)/22 is divided by 10?
8
Suppose -5*w + 5*h = -200, 0*w + 2*h = -3*w + 135. What is the remainder when 83 is divided by w?
40
Suppose 0*y - 2*y = -32. Let f(k) = -1 + 5 - 3 + 30*k**3. What is the remainder when f(1) is divided by y?
15
Let y(x) = -x**3 + x**2 + 6*x + 2. Calculate the remainder when y(3) is divided by 2.
0
Let k = 1 - -15. What is the remainder when 28 is divided by k?
12
Suppose -69*s + 73*s - 152 = 0. What is the remainder when 149 is divided by s?
35
Calculate the remainder when 51 is divided by 15/10 + 110/4 + -3.
25
Let z = -24 - -58. Calculate the remainder when 98 is divided by z.
30
Let f be (-6 - -2)/(6/(-57)). Suppose 5*w + 4*o - 277 = 0, -3*w + 2*w + 5*o = -f. Calculate the remainder when w is divided by 14.
11
Let u(y) = 2*y**3 - 2*y + 2. Calculate the remainder when 55 is divided by u(2).
13
Let n(a) = 6*a + 1. Let t = 9 - 9. Suppose 33 = 2*f - r - t, 5*f - 4*r - 78 = 0. Calculate the remainder when f is divided by n(1).
4
Suppose 0 = 3*h - 4*h + 15. Calculate the remainder when 58 is divided by h.
13
Let b(l) = 5*l - 15. What is the remainder when b(8) is divided by 9?
7
Suppose w = 4*f - 349 + 90, 0 = 3*f - 2*w - 198. Calculate the remainder when f is divided by 22.
20
Suppose 1330 = -0*f + 14*f. What is the remainder when f is divided by 27?
14
Suppose 0*k + 46 = 2*k. Let z(i) = 2*i**3 - 4*i**2 + 3*i + 3. Let u be z(3). Let s = u + -18. Calculate the remainder when k is divided by s.
11
Let z(x) = 3*x - 13. What is the remainder when 27 is divided by z(9)?
13
Let z = 36 + -79. Let o = -26 - z. What is the remainder when (-2)/(4/14)*-7 is divided by o?
15
Calculate the remainder when 24 is divided by ((-78)/(-6))/(2 - 3/3).
11
Suppose k + 0 = 1. What is the remainder when 1 is divided by k?
0
What is the remainder when (-3)/2*96/(-9) is divided by 4?
0
Let d = -10 + 14. What is the remainder when d is divided by (6 - 4) + (-1 - -1)?
0
What is the remainder when 2 + (-14)/(-1) - -2 is divided by 7?
4
Let q = 18 - -8. Calculate the remainder when q is divided by 7.
5
Suppose 0 = 2*g - 3*y - 29, 3*y - 5 - 4 = 0. What is the remainder when g is divided by 12?
7
Suppose -y + 31 - 1 = 2*m, -3*y - 2*m = -94. Calculate the remainder when 158 is divided by y.
30
Suppose 0 = -2*p - 58 + 2. Let c = -13 - p. What is the remainder when 57 is divided by c?
12
Suppose n + 2*n + 384 = 0. Suppose -3*r - 141 = -6*r. What is the remainder when r is divided by ((-3)/4)/(8/n)?
11
Suppose z + z = 150. Let y be z/(-20) - (-3)/4. Let h = y - -4. Calculate the remainder when h is divided by 1.
0
Let s = -7 + 11. Let t = -18 + 29. Suppose 0 = -4*n + t + 33. What is the remainder when n is divided by s?
3
Let z(s) = 9*s - 5. Calculate the remainder when 88 is divided by z(2).
10
Suppose 3*v - 7*v - 656 = 0. Let z = -110 - v. Calculate the remainder when z is divided by 19.
16
Let f = 425 + -614. Let h = 277 + f. Calculate the remainder when h is divided by 30.
28
Suppose 0 = -5*c + 3*q + 300, -107 = -3*c - 4*q + 102. Let n = 285 + -263. Calculate the remainder when c is divided by n.
19
Let m be 2 + 10*(-2)/(-4). Suppose -4*z + f = -48, f - 10 - m = -z. Calculate the remainder when 24 is divided by z.
11
What is the remainder when 19 is divided by (-240)/(-21) + 12/(-28)?
8
Suppose -w + 3*w - 106 = 0. Calculate the remainder when 103 is divided by w.
50
Suppose p - 8 = -d, 1 - 7 = -3*p + 3*d. Let c be 1 - (-2 + 172/(-2)). Calculate the remainder when c/7 - (-4)/14 is divided by p.
3
Let k = 4 + -3. Let s = 3 - k. Calculate the remainder when s is divided by 2.
0
Suppose -1813 = 4*l - x + 370, -4*x - 2188 = 4*l. Let m be (3/(-6))/(3/l). Let d = -45 + m. What is the remainder when d is divided by 16?
14
Let f = 16 - 0. Calculate the remainder when f is divided by 5.
1
Let b(n) = -n**2 - 5*n + 7. Let s be b(-6). Suppose -4*k = -0*k + 4. Calculate the remainder when 26 is divided by (-5 + -2)*(k - s).
12
Suppose -4*r + 73 = -23. What is the remainder when 69 is divided by r?
21
Suppose 42 = q + 2*q. Let o = -85 - -125. What is the remainder when o is divided by q?
12
Let l(y) = y**2 - 5*y + 5. Let k(z) = 2*z + 6. Let t be k(0). Calculate the remainder when 42 is divided by l(t).
9
Su